2 + 5*x + 3. What are the prime factors of w(-1)?
3, 7
Let r = 3400 + -1900. List the prime factors of r.
2, 3, 5
Let g = 872 - 611. List the prime factors of g.
3, 29
Let n(v) = 0*v - v**3 - v**2 + 2*v + 2 + v. List the prime factors of n(-4).
2, 19
What are the prime factors of (4 - (10 + -5))*(0 - 10)?
2, 5
Let u(d) = 384*d**2 + 59*d - 7. What are the prime factors of u(3)?
2, 7, 37
Suppose a + 4*m - 68 = 30, 4*a + 3*m - 392 = 0. What are the prime factors of a?
2, 7
Let r be (-262)/(-6) + (-4)/(-12). Suppose 0 = 2*v + r - 118. What are the prime factors of 8/12*(v - 1)?
2, 3
Let g = 805 + -575. Let l = 373 - g. List the prime factors of l.
11, 13
Suppose 4*d + 8 = -3*w, 5*w + 21 = w + 5*d. Let q be 9/6 + (-1130)/w. Suppose -8*o + q = 4*g - 4*o, -3*g + 4*o + 220 = 0. What are the prime factors of g?
2, 3
What are the prime factors of (-3 - -3008) + (5 - -4)?
2, 11, 137
Let s(t) = t**2 - t + 2. Let m be (-20)/(-6)*42/35. Let h be s(m). Suppose -2*y - 4 = y - 5*x, 4*y - h = -3*x. What are the prime factors of y?
2
Let k(w) = 2*w**3 + 5*w**2 + 17*w + 5. Let t(q) = 5*q**3 + 16*q**2 + 51*q + 14. Let b(l) = -8*k(l) + 3*t(l). List the prime factors of b(8).
2, 3, 23
Let q = -7 + 10. Suppose -z + 0*z + 5 = 2*m, 3 = q*m - 3*z. What are the prime factors of 30 + 2/m + 1?
2
Suppose -2*y + 46 = 5*n, 3*n - 2*n - 4*y = -4. Suppose 0 = -2*a - n, -77 + 5 = -4*d - a. Let j = d - 4. What are the prime factors of j?
3, 5
Suppose 75441 = 59*y - 90408. List the prime factors of y.
3, 937
Let x(n) = n**3 + 10*n**2 + 9*n. Let s be (-7)/(-3)*24/(-8). What are the prime factors of x(s)?
2, 3, 7
Let p(a) = -5 - 13*a + 28*a + 3 - 3. What are the prime factors of p(5)?
2, 5, 7
Let l(d) = 2*d + 2*d - 3*d + 11 + 8*d. List the prime factors of l(8).
83
Suppose -11*z + 7074 = -2507. What are the prime factors of z?
13, 67
Let x(k) = 148*k**3 + k**2. Let w be x(-1). List the prime factors of ((w/2)/3)/((-16)/32).
7
Suppose 78 = 2*t + 12. Suppose t - 29 = 2*u. Suppose g + 192 = 4*y + 5*g, -u*g = -4*y + 216. List the prime factors of y.
2, 13
Suppose -7*c + 94 = -6*c - k, 2*k + 6 = 0. Let f = 224 - c. What are the prime factors of f?
7, 19
Suppose 2*n - 5*u = -3*n + 410, -5*n - u = -416. Suppose -207 = -5*r + n. List the prime factors of r.
2, 29
Suppose -23*x + 53567 + 21275 = 0. List the prime factors of x.
2, 1627
What are the prime factors of (-863)/(-9) + (-8)/(-72) + 0?
2, 3
Let x(v) = -2*v**2 - 85*v + 5. What are the prime factors of x(-20)?
5, 181
Let q(a) be the second derivative of 37*a**5/20 - a**4/6 + a**3/6 + 8*a. List the prime factors of q(1).
2, 3
Suppose -2*a + 606 = -4*b, 2*a - 235 = -4*b + 363. What are the prime factors of a?
7, 43
Let u(k) = -192*k + 14. List the prime factors of u(-2).
2, 199
Let p(m) = 38*m**2 - 86*m + 626. What are the prime factors of p(8)?
2, 3, 5, 79
Suppose -3*b + 178 = -5*h, 5*b - 2*b - 4*h = 173. Let v = b - 18. Suppose 16 = 5*c - 9, 0 = 4*t + 5*c - v. What are the prime factors of t?
2
What are the prime factors of (-6)/48 + 29805/40?
5, 149
Suppose -1005*p = -1007*p + 4242. List the prime factors of p.
3, 7, 101
Let k be 2/4 + 63/14. Suppose -3*v - k*j = -0*j - 97, 4*j = 3*v - 52. Suppose 3*a - 36 = 4*b, -b = -2*a - 0*b + v. What are the prime factors of a?
2, 3
Let n be 2 - (4 + (-16)/4). Suppose -n*y = 3*y - 375. Let a = y - 25. What are the prime factors of a?
2, 5
Let c be 4 + 1 - (2 - -1). Let a(v) = v - 1. Let z(m) = -16*m + 5. Let j(f) = -4*a(f) - z(f). List the prime factors of j(c).
23
Suppose 4*t - 2 = 2, -x - t = -184. What are the prime factors of (-2 - -1)/((-552)/x - -3)?
61
Let l(v) = 515*v - 631. What are the prime factors of l(6)?
2459
Suppose -26*n + 10*n + 5696 = 0. List the prime factors of n.
2, 89
Let t(a) = 48*a - 346. What are the prime factors of t(14)?
2, 163
Let v be (-11)/((-102)/105 + 1). Let r = v + 612. What are the prime factors of r?
227
Let y be (-1 - 1)*38/4. Let l be (-14)/84 - (-83)/(-6). Let m = l - y. List the prime factors of m.
5
Let s(d) = 370*d + 70. Let h(y) = -53*y - 10. Let g(r) = -20*h(r) - 3*s(r). What are the prime factors of g(-1)?
2, 5
Suppose 4*c - 4*j - 1729 = -3*j, -2*j = 2*c - 862. What are the prime factors of c?
2, 3
Suppose -3*m + 3 = 12. List the prime factors of (1 + m)*(117/(-6) - 2).
43
Suppose 0 = 31*o - 12284 + 3325. What are the prime factors of o?
17
Let p(h) = -h**3 + 11*h**2 - 9*h - 4. Let j = -25 - -35. Let r be p(j). Suppose m - t - 1 = 30, 0 = 2*t + r. List the prime factors of m.
2, 7
Let y = -29 - -19. Suppose -2*w - 22 = u, -w + 4*u + 40 = -5*w. Let j = y - w. List the prime factors of j.
2
Let j be (-5444)/36 + 6/27. Let k = j + 230. What are the prime factors of k?
79
Let c be ((-192)/80)/(59/30 - 2). Suppose -4*k = -188 - c. List the prime factors of k.
5, 13
Suppose 0 = -3965*j + 3958*j + 28882. List the prime factors of j.
2, 2063
Suppose -2*r - 2*v = -4*v, 5*v = 4*r. Suppose -4*z + y + 24 = -3*y, 5*z - 3*y = 26. Suppose -11 = -4*u - z*b + 37, b - 4 = r. List the prime factors of u.
2
Let o = 2333 + -1595. What are the prime factors of o?
2, 3, 41
Let l(c) = 7*c - 9. Let k be l(2). Suppose k*t + 53 - 493 = 0. What are the prime factors of t?
2, 11
Suppose 0 = -2*p - 4*b + 1392, -702 = -p - 29*b + 24*b. What are the prime factors of p?
2, 173
Suppose -4*a = -113 + 29. What are the prime factors of a?
3, 7
Let x(k) = 14*k - 6. Suppose i - 4 = l, 5*l = -5*i + 15 + 15. List the prime factors of x(i).
2
Let q = -1671 + 1823. List the prime factors of q.
2, 19
Let y be (0 - 1) + (-2 - -3) - -3. Suppose -10*v = 5*d - 6*v - 92, 3*v = -y*d + 54. What are the prime factors of d?
2, 5
Suppose -2*f - 32*m = -37*m - 3100, 2*m + 6200 = 4*f. What are the prime factors of f?
2, 5, 31
Let w(v) = 2*v**2 + 16*v + 4. Let p(z) = z**3 + 3*z**2 + 2*z - 5. Let a be p(-3). What are the prime factors of w(a)?
2, 5, 7
Suppose 2*d + 144 - 360 = 0. Suppose -8*i + 2*i + d = 0. What are the prime factors of i?
2, 3
Let y(p) = -5*p - 16. Let u be y(-15). Let w = u - 39. List the prime factors of w.
2, 5
Suppose -5*o = -h + 41, 0 = 4*h - 0*o - o - 107. Let l = -21 + h. Suppose 64 = -l*a + 289. List the prime factors of a.
3, 5
Suppose m - 21 = -n - 4*n, 0 = -5*m + 4*n + 18. Suppose 4*o + j = 386, -5*o + m*o + 2*j - 93 = 0. List the prime factors of o.
97
Suppose 0 = -6*p - 33*p + 52767. List the prime factors of p.
3, 11, 41
Let l(n) = -n**2 + 7*n - 7. Let b be l(3). Suppose 0*h + f = 3*h - 171, -5*f + 285 = b*h. List the prime factors of h.
3, 19
Let u(o) = -o - 9. Let b be u(-15). What are the prime factors of 0 + 280/b*(-9)/(-3)?
2, 5, 7
Suppose -125 = -4*u - u. Suppose 0 = 4*h - 27 - u. What are the prime factors of h?
13
Let a = 971 + -379. List the prime factors of a.
2, 37
Suppose -149*a + 156*a - 3101 = 0. List the prime factors of a.
443
Let m be (-3)/(-5) + (-36)/(-15). Suppose 0 = s + 4*a - 22 - 12, -m*s - 3*a = -129. What are the prime factors of s?
2, 23
Let o(p) = 8*p + 1285. What are the prime factors of o(53)?
1709
Suppose 3*y + 17 = 26. Suppose 8*h = y*h + 335. List the prime factors of h.
67
Suppose 15 = 4*j - 1. Suppose 0*v + 12 = 2*v - j*s, -4*s = -v + 6. Suppose -v*b + 11*b = 20. List the prime factors of b.
2
Let b = 14 - 9. Suppose -1 - b = -2*g. Suppose g*j - 24 + 0 = 0. List the prime factors of j.
2
Let k = 6548 + -2159. List the prime factors of k.
3, 7, 11, 19
Suppose 245 + 25 = 2*s - 4*d, 2*s - 3*d = 273. List the prime factors of s.
3, 47
Let j(u) = u**3 + 35*u**2 - 11*u - 2. What are the prime factors of j(-35)?
383
Suppose s = -6*s + 26033. What are the prime factors of s?
3719
Let c(k) = k**3 + 20*k**2 + 12*k - 15. What are the prime factors of c(-9)?
2, 3
Let w = 559 + -192. What are the prime factors of w?
367
Suppose 0 = -2*u + 1 + 3, -49 = 5*l - 2*u. Let m = 32 - l. Suppose -2*y + 49 = -m. What are the prime factors of y?
3, 5
Suppose -16*m = -11*m - 1285. What are the prime factors of m?
257
Let o(u) = u**3 + u**2 - 7*u - 3. Let x be o(-3). Suppose -7*s - 881 = -11*s + 3*g, s + 5*g - 203 = x. What are the prime factors of s?
2, 109
Let x(m) = -4*m + 24. Let i be x(0). Suppose -3*o = o + i. What are the prime factors of 51 - 9*(-2)/o?
2, 3
Let j = 1319 + -816. List the prime factors of j.
503
List the prime factors of (-4)/((-9)/((-14634)/(